{"id":49,"date":"2017-04-28T19:19:58","date_gmt":"2017-04-28T17:19:58","guid":{"rendered":"http:\/\/tti.asso.fr\/?page_id=49"},"modified":"2017-04-28T19:19:58","modified_gmt":"2017-04-28T17:19:58","slug":"competitions","status":"publish","type":"page","link":"https:\/\/tti.asso.fr\/index.php\/competitions\/","title":{"rendered":"Comp\u00e9titions"},"content":{"rendered":"<p><img loading=\"lazy\" class=\"alignnone size-medium wp-image-50\" src=\"http:\/\/tti.asso.fr\/wp-content\/uploads\/2017\/04\/Championnat-Jeune-300x199.png\" alt=\"\" width=\"300\" height=\"199\" srcset=\"https:\/\/tti.asso.fr\/wp-content\/uploads\/2017\/04\/Championnat-Jeune-300x199.png 300w, https:\/\/tti.asso.fr\/wp-content\/uploads\/2017\/04\/Championnat-Jeune.png 426w\" sizes=\"(max-width: 300px) 100vw, 300px\" \/><img loading=\"lazy\" class=\"alignnone size-medium wp-image-51\" src=\"http:\/\/tti.asso.fr\/wp-content\/uploads\/2017\/04\/Crit\u00e9rium-F\u00e9d\u00e9ral-300x199.png\" alt=\"\" width=\"300\" height=\"199\" srcset=\"https:\/\/tti.asso.fr\/wp-content\/uploads\/2017\/04\/Crit\u00e9rium-F\u00e9d\u00e9ral-300x199.png 300w, https:\/\/tti.asso.fr\/wp-content\/uploads\/2017\/04\/Crit\u00e9rium-F\u00e9d\u00e9ral.png 426w\" sizes=\"(max-width: 300px) 100vw, 300px\" \/><\/p>\n<p><img loading=\"lazy\" class=\"alignnone size-medium wp-image-52\" src=\"http:\/\/tti.asso.fr\/wp-content\/uploads\/2017\/04\/par-equipe-300x199.png\" alt=\"\" width=\"300\" height=\"199\" srcset=\"https:\/\/tti.asso.fr\/wp-content\/uploads\/2017\/04\/par-equipe-300x199.png 300w, https:\/\/tti.asso.fr\/wp-content\/uploads\/2017\/04\/par-equipe.png 426w\" sizes=\"(max-width: 300px) 100vw, 300px\" \/><img loading=\"lazy\" class=\"alignnone size-medium wp-image-53\" src=\"http:\/\/tti.asso.fr\/wp-content\/uploads\/2017\/04\/Tournoi-Nat-TTI-300x199.png\" alt=\"\" width=\"300\" height=\"199\" srcset=\"https:\/\/tti.asso.fr\/wp-content\/uploads\/2017\/04\/Tournoi-Nat-TTI-300x199.png 300w, https:\/\/tti.asso.fr\/wp-content\/uploads\/2017\/04\/Tournoi-Nat-TTI.png 426w\" sizes=\"(max-width: 300px) 100vw, 300px\" \/><\/p>\n","protected":false},"excerpt":{"rendered":"","protected":false},"author":1,"featured_media":0,"parent":0,"menu_order":0,"comment_status":"closed","ping_status":"closed","template":"","meta":[],"_links":{"self":[{"href":"https:\/\/tti.asso.fr\/index.php\/wp-json\/wp\/v2\/pages\/49"}],"collection":[{"href":"https:\/\/tti.asso.fr\/index.php\/wp-json\/wp\/v2\/pages"}],"about":[{"href":"https:\/\/tti.asso.fr\/index.php\/wp-json\/wp\/v2\/types\/page"}],"author":[{"embeddable":true,"href":"https:\/\/tti.asso.fr\/index.php\/wp-json\/wp\/v2\/users\/1"}],"replies":[{"embeddable":true,"href":"https:\/\/tti.asso.fr\/index.php\/wp-json\/wp\/v2\/comments?post=49"}],"version-history":[{"count":1,"href":"https:\/\/tti.asso.fr\/index.php\/wp-json\/wp\/v2\/pages\/49\/revisions"}],"predecessor-version":[{"id":55,"href":"https:\/\/tti.asso.fr\/index.php\/wp-json\/wp\/v2\/pages\/49\/revisions\/55"}],"wp:attachment":[{"href":"https:\/\/tti.asso.fr\/index.php\/wp-json\/wp\/v2\/media?parent=49"}],"curies":[{"name":"wp","href":"https:\/\/api.w.org\/{rel}","templated":true}]}}