{"id":670,"date":"2017-05-14T21:33:38","date_gmt":"2017-05-14T19:33:38","guid":{"rendered":"https:\/\/tti.asso.fr\/?page_id=670"},"modified":"2017-05-15T09:39:13","modified_gmt":"2017-05-15T07:39:13","slug":"la-licence","status":"publish","type":"page","link":"https:\/\/tti.asso.fr\/index.php\/infos\/la-licence\/","title":{"rendered":"La licence"},"content":{"rendered":"<h4><span style=\"color: #ff0000;\"><strong>Il existe deux types de licences:<\/strong><\/span><\/h4>\n<ul>\n<li><span style=\"color: #000000;\"><strong>La licence promotionnelle (loisir)<\/strong><\/span><\/li>\n<li><span style=\"color: #000000;\"><strong>La licence traditionnelle (comp\u00e9tition)<\/strong><\/span><\/li>\n<\/ul>\n<p><span style=\"color: #000000;\"><strong>La licence loisir vous permet d&rsquo;acc\u00e9der \u00e0 la salle pour jouer librement tous les jours (lundi au vendredi) de 17h \u00e0 21h et de participer \u00e0 la s\u00e9ance loisir qui se d\u00e9roule le lundi de 18h30 \u00e0 20h30.<\/strong><\/span><\/p>\n<p><span style=\"color: #000000;\"><strong>La licence comp\u00e9tition vous permet\u00a0d&rsquo;acc\u00e9der \u00e0 la salle pour jouer librement tous les jours (lundi au vendredi) de 17h \u00e0 21h, de participer aux entra\u00eenement dirig\u00e9s et de participer aux championnat par \u00e9quipe (jeune ou s\u00e9nior) gratuitement si vous le souhaitez.<br \/>\n<\/strong><\/span><strong><span style=\"color: #000000;\">Elle vous permet aussi de participer aux comp\u00e9titions individuelles (crit\u00e9rium f\u00e9d\u00e9ral, tournoi &#8230;), mais celles-ci sont souvent payantes.<\/span><\/strong><\/p>\n<p><strong><span style=\"color: #000000;\">Pour plus de renseignements, contactez nous.<\/span><\/strong><\/p>\n<p><strong><span style=\"color: #ff0000;\">Pour qu&rsquo;une licence soit valid\u00e9e, il faut rendre le bulletin d&rsquo;adh\u00e9sion ou de renouvellement de licence d\u00fbment compl\u00e9ter et signer, ainsi qu&rsquo;un certificat m\u00e9dical ou attestation d&rsquo;autoquestionnaire sign\u00e9e, et payer sa cotisation (faciliter de paiement =&gt; Voir page Tarifs) !<\/span><\/strong><\/p>\n","protected":false},"excerpt":{"rendered":"<p>Il existe deux types de licences: La licence promotionnelle (loisir) La licence traditionnelle (comp\u00e9tition) La licence loisir vous permet d&rsquo;acc\u00e9der \u00e0 la salle pour jouer librement tous les jours (lundi au vendredi) de 17h \u00e0 21h et de participer \u00e0 la s\u00e9ance loisir qui se d\u00e9roule le lundi de 18h30 \u00e0 20h30. La licence comp\u00e9tition <a class=\"read-more\" href=\"https:\/\/tti.asso.fr\/index.php\/infos\/la-licence\/\">Read More<\/a><\/p>\n","protected":false},"author":8,"featured_media":0,"parent":87,"menu_order":0,"comment_status":"closed","ping_status":"closed","template":"","meta":[],"_links":{"self":[{"href":"https:\/\/tti.asso.fr\/index.php\/wp-json\/wp\/v2\/pages\/670"}],"collection":[{"href":"https:\/\/tti.asso.fr\/index.php\/wp-json\/wp\/v2\/pages"}],"about":[{"href":"https:\/\/tti.asso.fr\/index.php\/wp-json\/wp\/v2\/types\/page"}],"author":[{"embeddable":true,"href":"https:\/\/tti.asso.fr\/index.php\/wp-json\/wp\/v2\/users\/8"}],"replies":[{"embeddable":true,"href":"https:\/\/tti.asso.fr\/index.php\/wp-json\/wp\/v2\/comments?post=670"}],"version-history":[{"count":4,"href":"https:\/\/tti.asso.fr\/index.php\/wp-json\/wp\/v2\/pages\/670\/revisions"}],"predecessor-version":[{"id":700,"href":"https:\/\/tti.asso.fr\/index.php\/wp-json\/wp\/v2\/pages\/670\/revisions\/700"}],"up":[{"embeddable":true,"href":"https:\/\/tti.asso.fr\/index.php\/wp-json\/wp\/v2\/pages\/87"}],"wp:attachment":[{"href":"https:\/\/tti.asso.fr\/index.php\/wp-json\/wp\/v2\/media?parent=670"}],"curies":[{"name":"wp","href":"https:\/\/api.w.org\/{rel}","templated":true}]}}