{"id":79,"date":"2017-04-28T20:07:00","date_gmt":"2017-04-28T18:07:00","guid":{"rendered":"http:\/\/tti.asso.fr\/?page_id=79"},"modified":"2018-11-26T11:28:10","modified_gmt":"2018-11-26T10:28:10","slug":"accueil","status":"publish","type":"page","link":"https:\/\/tti.asso.fr\/","title":{"rendered":"Accueil"},"content":{"rendered":"<h2><\/h2>\n<h2 style=\"text-align: center;\"><em><span style=\"color: #999999;\"><strong>Le TTI ce n&rsquo;est pas que du ping !<\/strong><\/span><\/em><\/h2>\n<p><img loading=\"lazy\" class=\"wp-image-1410 aligncenter\" src=\"https:\/\/tti.asso.fr\/wp-content\/uploads\/2018\/11\/accueil.jpg\" alt=\"\" width=\"442\" height=\"331\" srcset=\"https:\/\/tti.asso.fr\/wp-content\/uploads\/2018\/11\/accueil.jpg 1386w, https:\/\/tti.asso.fr\/wp-content\/uploads\/2018\/11\/accueil-300x225.jpg 300w, https:\/\/tti.asso.fr\/wp-content\/uploads\/2018\/11\/accueil-768x576.jpg 768w, https:\/\/tti.asso.fr\/wp-content\/uploads\/2018\/11\/accueil-1024x768.jpg 1024w\" sizes=\"(max-width: 442px) 100vw, 442px\" \/><\/p>\n<h2 style=\"padding-left: 30px;\"><span style=\"color: #993300;\"><strong><em>Derni\u00e8res news du club :<\/em><\/strong><\/span><\/h2>\n<div id='1' class='widgets_on_page wop_tiny1  wop_small1  wop_medium1  wop_large1  wop_wide1'>\n\t\t\t<ul><li id=\"sticky-posts-6\" class=\"widget widget_ultimate_posts\"><h2 class=\"widgettitle\">Important<\/h2>\n\n<div class=\"upw-posts hfeed\">\n\n  \n    <p class=\"upw-not-found\">\n      <p>No posts found.<\/p>\n    <\/p>\n\n  \n<\/div>\n\n<\/li><li id=\"sticky-posts-2\" class=\"widget widget_ultimate_posts\"><h2 class=\"widgettitle\">Derni\u00e8res News<\/h2>\n\n<div class=\"upw-posts hfeed\">\n\n  \n      \n        \n        <article class=\"post-1548 post type-post status-publish format-standard hentry category-news-passees category-resultats\">\n\n          <header>\n\n            \n                          <h4 class=\"entry-title\">\n                <a href=\"https:\/\/tti.asso.fr\/index.php\/2020\/09\/21\/resultats-j1-21-09-2020\/\" rel=\"bookmark\">\n                  R\u00e9sultats J1 &#8211; 21\/09\/2020                <\/a>\n              <\/h4>\n            \n            \n              <div class=\"entry-meta\">\n\n                                  <time class=\"published\" datetime=\"2020-09-21T08:44:02+02:00\">21 septembre 2020 8 h 44 min<\/time>\n                \n                                  <span class=\"sep\">|<\/span>\n                \n                                  <span class=\"author vcard\">\n                    Par                    <a href=\"https:\/\/tti.asso.fr\/index.php\/author\/admin\/\" rel=\"author\" class=\"fn\">\n                      TTI Saint Laurent Blangy                    <\/a>\n                  <\/span>\n                \n                \n                \n              <\/div>\n\n            \n          <\/header>\n\n                      <div class=\"entry-content\">\n              <p>Apr\u00e8s 6 mois d&rsquo;arr\u00eat le championnat par \u00e9quipe reprenait ses droits en cette fin de semaine pour la 1\u00e8re journ\u00e9e de championnat;<br \/>\nBilan de cette journ\u00e9e : 7 victoires, 2 nuls et 5 d\u00e9faites.<br \/>\nL&rsquo;\u00e9quipe f\u00e9minine fait match nul contre Billy-Montigny 5\/5.<br \/>\nL&rsquo;\u00e9quipe 1 (PN) est battue \u00e0 Jeumont 10\/4.<br \/>\nL&rsquo;\u00e9quipe 2 (PN) fait match nul contre Leers 7\/7.<br \/>\nL&rsquo;\u00e9quipe 3 (R1) s&rsquo;impose contre Longueil 10\/4.<br \/>\nL&rsquo;\u00e9quipe 4 (R2) est battue \u00e0 Feuqui\u00e8res 8\/6.<br \/>\nL&rsquo;\u00e9quipe 5 (R3) bat Wormhout 9\/5.<br \/>\nL&rsquo;\u00e9quipe 6 (R3) s&rsquo;impose \u00e0 Lomme 10\/4.<br \/>\nL&rsquo;\u00e9quipe 7 (R4) gagne \u00e0 sin-le-Noble 9\/5.<br \/>\nL&rsquo;\u00e9quipe 8 (D1) bat Fouqui\u00e8res 11\/3.<br \/>\nL&rsquo;\u00e9quipe 9 (D1) est s\u00e9v\u00e8rement battue \u00e0 Carvin 11\/3.<br \/>\nL&rsquo;\u00e9quipe 10 (D1) gagne ais\u00e9ment contre Fouqui\u00e8res 14\/0.<br \/>\nL&rsquo;\u00e9quipe 11 (D2) est battue \u00e0 Aubigny 9\/5.<br \/>\nL&rsquo;\u00e9quipe 12 (D2) est s\u00e8chement battue par Noyelles-G 13\/1<br \/>\nL&rsquo;\u00e9quipe 13 (D3) s&rsquo;impose \u00e0 Fr\u00e9vent 8\/6.<br \/>\nBonne semaine \u00e0 tous et rdv \u00e0 la salle !<\/p>\n<p>Continuons \u00e0 \u00eatre s\u00e9rieux et le travail paiera !<br \/>\nVamos TTI<\/p>\n            <\/div>\n          \n          <footer>\n\n                          <div class=\"entry-categories\">\n                <strong class=\"entry-cats-label\">Publi\u00e9 dans:<\/strong>\n                <span class=\"entry-cats-list\"><a href=\"https:\/\/tti.asso.fr\/index.php\/category\/news-passees\/\" rel=\"tag\">Derni\u00e8res news<\/a>, <a href=\"https:\/\/tti.asso.fr\/index.php\/category\/news-passees\/resultats\/\" rel=\"tag\">Les R\u00e9sultats du week-end !<\/a><\/span>\n              <\/div>\n            \n            \n            \n          <\/footer>\n\n        <\/article>\n\n      \n  \n<\/div>\n\n<\/li><\/ul><\/div><!-- widgets_on_page -->\n<p>&nbsp;<\/p>\n","protected":false},"excerpt":{"rendered":"<p>Le TTI ce n&rsquo;est pas que du ping ! Derni\u00e8res news du club : &nbsp;<\/p>\n","protected":false},"author":1,"featured_media":0,"parent":0,"menu_order":0,"comment_status":"closed","ping_status":"closed","template":"","meta":[],"_links":{"self":[{"href":"https:\/\/tti.asso.fr\/index.php\/wp-json\/wp\/v2\/pages\/79"}],"collection":[{"href":"https:\/\/tti.asso.fr\/index.php\/wp-json\/wp\/v2\/pages"}],"about":[{"href":"https:\/\/tti.asso.fr\/index.php\/wp-json\/wp\/v2\/types\/page"}],"author":[{"embeddable":true,"href":"https:\/\/tti.asso.fr\/index.php\/wp-json\/wp\/v2\/users\/1"}],"replies":[{"embeddable":true,"href":"https:\/\/tti.asso.fr\/index.php\/wp-json\/wp\/v2\/comments?post=79"}],"version-history":[{"count":18,"href":"https:\/\/tti.asso.fr\/index.php\/wp-json\/wp\/v2\/pages\/79\/revisions"}],"predecessor-version":[{"id":1414,"href":"https:\/\/tti.asso.fr\/index.php\/wp-json\/wp\/v2\/pages\/79\/revisions\/1414"}],"wp:attachment":[{"href":"https:\/\/tti.asso.fr\/index.php\/wp-json\/wp\/v2\/media?parent=79"}],"curies":[{"name":"wp","href":"https:\/\/api.w.org\/{rel}","templated":true}]}}