{"id":893,"date":"2017-08-23T15:11:12","date_gmt":"2017-08-23T13:11:12","guid":{"rendered":"https:\/\/tti.asso.fr\/?page_id=893"},"modified":"2020-09-02T15:02:06","modified_gmt":"2020-09-02T13:02:06","slug":"la-licence-exterieure","status":"publish","type":"page","link":"https:\/\/tti.asso.fr\/index.php\/la-licence-exterieure\/","title":{"rendered":"La licence ext\u00e9rieure"},"content":{"rendered":"<p><span style=\"color: #000000;\"><strong>Le TTI propose deux licences ext\u00e9rieures :<\/strong><\/span><\/p>\n<ul>\n<li><strong><span style=\"color: #000000;\">La licence \u00e0 60\u20ac :<\/span><\/strong>\n<ul>\n<li><strong><span style=\"color: #ff0000;\">Donne acc\u00e8s \u00e0 l&rsquo;entra\u00eenement dirig\u00e9 du mardi (-1200 pts) ou \u00e0 celui du jeudi (+1200 pts) uniquement.<\/span><\/strong><\/li>\n<li><strong><span style=\"color: #000000;\">(Soit 1\u20ac de l&rsquo;heure \u00e0 l&rsquo;ann\u00e9e. Environs 30 s\u00e9ances de 2h).<\/span><\/strong><\/li>\n<\/ul>\n<\/li>\n<\/ul>\n<ul>\n<li><span style=\"color: #000000;\"><strong>La licence \u00e0 87\u20ac :<\/strong><\/span>\n<ul>\n<li><strong><span style=\"color: #ff0000;\">Donne acc\u00e8s \u00e0 l&rsquo;entra\u00eenement dirig\u00e9 du mardi (-1200 pts) ou \u00e0 celui du jeudi (+1200 pts), plus un acc\u00e8s aux tables le reste de la semaine en libre.<\/span><\/strong><\/li>\n<li><strong><span style=\"color: #000000;\">87\u20ac, c&rsquo;est le prix que touche le club lorsqu&rsquo;un membre du TTI paye sa cotisation une fois la part f\u00e9d\u00e9 et ligue d\u00e9duite.<\/span><\/strong><\/li>\n<\/ul>\n<\/li>\n<\/ul>\n<p style=\"text-align: center;\"><strong><span style=\"color: #0000ff;\">Veuillez remplir le formulaire ci-joint pour vous inscrire en licence\u00a0ext\u00e9rieure.<br \/>\n<a href=\"https:\/\/tti.asso.fr\/wp-content\/uploads\/2017\/08\/Demande-de-licence-ext\u00e9rieure.docx\">Demande de licence ext\u00e9rieure<\/a><br \/>\n<\/span><\/strong><\/p>\n","protected":false},"excerpt":{"rendered":"<p>Le TTI propose deux licences ext\u00e9rieures : La licence \u00e0 60\u20ac : Donne acc\u00e8s \u00e0 l&rsquo;entra\u00eenement dirig\u00e9 du mardi (-1200 pts) ou \u00e0 celui du jeudi (+1200 pts) uniquement. (Soit 1\u20ac de l&rsquo;heure \u00e0 l&rsquo;ann\u00e9e. Environs 30 s\u00e9ances de 2h). La licence \u00e0 87\u20ac : Donne acc\u00e8s \u00e0 l&rsquo;entra\u00eenement dirig\u00e9 du mardi (-1200 pts) ou <a class=\"read-more\" href=\"https:\/\/tti.asso.fr\/index.php\/la-licence-exterieure\/\">Read More<\/a><\/p>\n","protected":false},"author":8,"featured_media":0,"parent":0,"menu_order":0,"comment_status":"closed","ping_status":"closed","template":"","meta":[],"_links":{"self":[{"href":"https:\/\/tti.asso.fr\/index.php\/wp-json\/wp\/v2\/pages\/893"}],"collection":[{"href":"https:\/\/tti.asso.fr\/index.php\/wp-json\/wp\/v2\/pages"}],"about":[{"href":"https:\/\/tti.asso.fr\/index.php\/wp-json\/wp\/v2\/types\/page"}],"author":[{"embeddable":true,"href":"https:\/\/tti.asso.fr\/index.php\/wp-json\/wp\/v2\/users\/8"}],"replies":[{"embeddable":true,"href":"https:\/\/tti.asso.fr\/index.php\/wp-json\/wp\/v2\/comments?post=893"}],"version-history":[{"count":3,"href":"https:\/\/tti.asso.fr\/index.php\/wp-json\/wp\/v2\/pages\/893\/revisions"}],"predecessor-version":[{"id":1535,"href":"https:\/\/tti.asso.fr\/index.php\/wp-json\/wp\/v2\/pages\/893\/revisions\/1535"}],"wp:attachment":[{"href":"https:\/\/tti.asso.fr\/index.php\/wp-json\/wp\/v2\/media?parent=893"}],"curies":[{"name":"wp","href":"https:\/\/api.w.org\/{rel}","templated":true}]}}