{"id":98,"date":"2017-04-29T11:43:12","date_gmt":"2017-04-29T09:43:12","guid":{"rendered":"http:\/\/tti.asso.fr\/?page_id=98"},"modified":"2018-09-18T12:09:26","modified_gmt":"2018-09-18T10:09:26","slug":"les-tarifs","status":"publish","type":"page","link":"https:\/\/tti.asso.fr\/index.php\/infos\/la-licence\/les-tarifs\/","title":{"rendered":"Les tarifs"},"content":{"rendered":"<p style=\"text-align: center;\"><a href=\"https:\/\/tti.asso.fr\/wp-content\/uploads\/2018\/09\/Tarifs-cotisation-2018-2019.xls\">Tarifs cotisation 2018-2019<\/a><\/p>\n<p style=\"text-align: center;\"><img loading=\"lazy\" class=\"alignnone size-full wp-image-1352\" src=\"https:\/\/tti.asso.fr\/wp-content\/uploads\/2018\/09\/license.jpg\" alt=\"\" width=\"625\" height=\"872\" srcset=\"https:\/\/tti.asso.fr\/wp-content\/uploads\/2018\/09\/license.jpg 625w, https:\/\/tti.asso.fr\/wp-content\/uploads\/2018\/09\/license-215x300.jpg 215w\" sizes=\"(max-width: 625px) 100vw, 625px\" \/><\/p>\n<p style=\"text-align: center;\">\n<p>&nbsp;<\/p>\n<p style=\"text-align: left;\"><span style=\"color: #000000;\"><strong>(A noter que le prix de la cotisation est inf\u00e9rieure de 25\u20ac environs au prix conseill\u00e9 par la f\u00e9d\u00e9ration fran\u00e7aise de tennis de table, d&rsquo;apr\u00e8s leur outil d&rsquo;estimation)<\/strong><\/span><\/p>\n","protected":false},"excerpt":{"rendered":"<p>Tarifs cotisation 2018-2019 &nbsp; (A noter que le prix de la cotisation est inf\u00e9rieure de 25\u20ac environs au prix conseill\u00e9 par la f\u00e9d\u00e9ration fran\u00e7aise de tennis de table, d&rsquo;apr\u00e8s leur outil d&rsquo;estimation)<\/p>\n","protected":false},"author":1,"featured_media":0,"parent":670,"menu_order":0,"comment_status":"closed","ping_status":"closed","template":"","meta":[],"_links":{"self":[{"href":"https:\/\/tti.asso.fr\/index.php\/wp-json\/wp\/v2\/pages\/98"}],"collection":[{"href":"https:\/\/tti.asso.fr\/index.php\/wp-json\/wp\/v2\/pages"}],"about":[{"href":"https:\/\/tti.asso.fr\/index.php\/wp-json\/wp\/v2\/types\/page"}],"author":[{"embeddable":true,"href":"https:\/\/tti.asso.fr\/index.php\/wp-json\/wp\/v2\/users\/1"}],"replies":[{"embeddable":true,"href":"https:\/\/tti.asso.fr\/index.php\/wp-json\/wp\/v2\/comments?post=98"}],"version-history":[{"count":8,"href":"https:\/\/tti.asso.fr\/index.php\/wp-json\/wp\/v2\/pages\/98\/revisions"}],"predecessor-version":[{"id":1353,"href":"https:\/\/tti.asso.fr\/index.php\/wp-json\/wp\/v2\/pages\/98\/revisions\/1353"}],"up":[{"embeddable":true,"href":"https:\/\/tti.asso.fr\/index.php\/wp-json\/wp\/v2\/pages\/670"}],"wp:attachment":[{"href":"https:\/\/tti.asso.fr\/index.php\/wp-json\/wp\/v2\/media?parent=98"}],"curies":[{"name":"wp","href":"https:\/\/api.w.org\/{rel}","templated":true}]}}